he prime factors of 3095?
5, 619
List the prime factors of 102924.
2, 3, 953
What are the prime factors of 846?
2, 3, 47
List the prime factors of 1722.
2, 3, 7, 41
List the prime factors of 2171.
13, 167
List the prime factors of 5718.
2, 3, 953
List the prime factors of 9960.
2, 3, 5, 83
What are the prime factors of 6984?
2, 3, 97
List the prime factors of 12135.
3, 5, 809
List the prime factors of 2563.
11, 233
What are the prime factors of 19929?
3, 7, 13, 73
What are the prime factors of 1926?
2, 3, 107
List the prime factors of 8439.
3, 29, 97
What are the prime factors of 3956?
2, 23, 43
List the prime factors of 108003.
3, 7, 37, 139
List the prime factors of 5021.
5021
What are the prime factors of 9108?
2, 3, 11, 23
List the prime factors of 23741.
23741
List the prime factors of 200.
2, 5
What are the prime factors of 6264?
2, 3, 29
List the prime factors of 998.
2, 499
What are the prime factors of 317?
317
What are the prime factors of 19444?
2, 4861
List the prime factors of 2323.
23, 101
List the prime factors of 20013.
3, 7, 953
List the prime factors of 130548.
2, 3, 11, 23, 43
List the prime factors of 68174.
2, 89, 383
What are the prime factors of 13851?
3, 19
List the prime factors of 13717.
11, 29, 43
What are the prime factors of 4815?
3, 5, 107
What are the prime factors of 1359?
3, 151
What are the prime factors of 502?
2, 251
What are the prime factors of 6286?
2, 7, 449
List the prime factors of 1578.
2, 3, 263
List the prime factors of 7518.
2, 3, 7, 179
What are the prime factors of 400?
2, 5
What are the prime factors of 14190?
2, 3, 5, 11, 43
List the prime factors of 4642.
2, 11, 211
What are the prime factors of 2378?
2, 29, 41
What are the prime factors of 14214?
2, 3, 23, 103
What are the prime factors of 27200?
2, 5, 17
List the prime factors of 11881.
109
What are the prime factors of 72422?
2, 7, 739
What are the prime factors of 3718?
2, 11, 13
What are the prime factors of 55251?
3, 7, 877
List the prime factors of 7413.
3, 7, 353
List the prime factors of 17488.
2, 1093
What are the prime factors of 31580?
2, 5, 1579
List the prime factors of 905.
5, 181
What are the prime factors of 42615?
3, 5, 947
List the prime factors of 668.
2, 167
List the prime factors of 85412.
2, 131, 163
List the prime factors of 41119.
13, 3163
What are the prime factors of 1418?
2, 709
What are the prime factors of 10038?
2, 3, 7, 239
List the prime factors of 16340.
2, 5, 19, 43
What are the prime factors of 103140?
2, 3, 5, 191
List the prime factors of 13285.
5, 2657
What are the prime factors of 111869?
111869
What are the prime factors of 110509?
7, 15787
What are the prime factors of 829?
829
What are the prime factors of 32166?
2, 3, 1787
List the prime factors of 17992.
2, 13, 173
List the prime factors of 2216.
2, 277
List the prime factors of 4975.
5, 199
List the prime factors of 16422.
2, 3, 7, 17, 23
What are the prime factors of 2786?
2, 7, 199
What are the prime factors of 1506?
2, 3, 251
What are the prime factors of 11922?
2, 3, 1987
What are the prime factors of 34118?
2, 7, 2437
List the prime factors of 22010.
2, 5, 31, 71
What are the prime factors of 4801?
4801
What are the prime factors of 1691?
19, 89
What are the prime factors of 547?
547
List the prime factors of 10397.
37, 281
List the prime factors of 32537.
32537
List the prime factors of 2254.
2, 7, 23
What are the prime factors of 15368?
2, 17, 113
List the prime factors of 1605.
3, 5, 107
What are the prime factors of 12557?
29, 433
What are the prime factors of 3495?
3, 5, 233
What are the prime factors of 1104?
2, 3, 23
What are the prime factors of 59002?
2, 29501
List the prime factors of 3307.
3307
List the prime factors of 493.
17, 29
List the prime factors of 89012.
2, 7, 11, 17
List the prime factors of 130.
2, 5, 13
What are the prime factors of 27477?
3, 43, 71
List the prime factors of 121634.
2, 61, 997
List the prime factors of 821.
821
What are the prime factors of 11581?
37, 313
List the prime factors of 3263.
13, 251
What are the prime factors of 288?
2, 3
What are the prime factors of 890?
2, 5, 89
List the prime factors of 135984.
2, 3, 2833
What are the prime factors of 37507?
37507
What are the prime factors of 2358?
2, 3, 131
What are the prime factors of 27191?
27191
What are the prime factors of 5365?
5, 29, 37
List the prime factors of 4967.
4967
List the prime factors of 20725.
5, 829
What are the prime factors of 9162?
2, 3, 509
What are the prime factors of 4884?
2, 3, 11, 37
List the prime factors of 582.
2, 3, 97
List the prime factors of 163374.
2, 3, 73, 373
What are the prime factors of 37392?
2, 3, 19, 41
List the prime factors of 6.
2, 3
List the prime factors of 4574.
2, 2287
List the prime factors of 9701.
89, 109
What are the prime factors of 7226?
2, 3613
List the prime factors of 24903.
3, 2767
List the prime factors of 79199.
29, 2731
What are the prime factors of 62?
2, 31
List the prime factors of 243.
3
List the prime factors of 5879.
5879
List the prime factors of 6210.
2, 3, 5, 23
List the prime factors of 4803.
3, 1601
List the prime factors of 5916.
2, 3, 17, 29
List the prime factors of 1765.
5, 353
List the prime factors of 1050.
2, 3, 5, 7
List the prime factors of 1786.
2, 19, 47
List the prime factors of 58659.
3, 19553
What are the prime factors of 47281?
13, 3637
What are the prime factors of 49141?
157, 313
List the prime factors of 1510.
2, 5, 151
List the prime factors of 59251.
193, 307
List the prime factors of 23554.
2, 11777
List the prime factors of 42839.
42839
List the prime factors of 9374.
2, 43, 109
What are the prime factors of 6368?
2, 199
What are the prime factors of 4510?
2, 5, 11, 41
List the prime factors of 4027.
4027
List the prime factors of 50101.
50101
List the prime factors of 281.
281
List the prime factors of 1665.
3, 5, 37
List the prime factors of 2581.
29, 89
What are the prime factors of 7831?
41, 191
What are the prime factors of 7482?
2, 3, 29, 43
What are the prime factors of 14263?
17, 839
What are the prime factors of 7557?
3, 11, 229
What are the prime factors of 63275?
5, 2531
List the prime factors of 40428.
2, 3, 1123
List the prime factors of 6167.
7, 881
List the prime factors of 53118.
2, 3, 13, 227
List the prime factors of 193530.
2, 3, 5, 6451
What are the prime factors of 50010?
2, 3, 5, 1667
What are the prime factors of 5208?
2, 3, 7, 31
List the prime factors of 3967.
3967
List the prime factors of 11660.
2, 5, 11, 53
List the prime factors of 8379.
3, 7, 19
What are the prime factors of 2549?
2549
What are the prime factors of 2173?
41, 53
What are the prime factors of 5236?
2, 7, 11, 17
What are the prime factors of 12334?
2, 7, 881
What are the prime factors of 3554?
2, 1777
What are the prime factors of 66100?
2, 5, 661
List the prime factors of 24180.
2, 3, 5, 13, 31
List the prime factors of 20928.
2, 3, 109
What are the prime factors of 57629?
11, 13, 31
What are the prime factors of 9464?
2, 7, 13
What are the prime factors of 20975?
5, 839
List the prime factors of 116.
2, 29
List the prime factors of 23339.
23339
What are the prime factors of 6169?
31, 199
List the prime factors of 51680.
2, 5, 17, 19
What are the prime factors of 3949?
11, 359
List the prime factors of 7156.
2, 1789
What are the prime factors of 12340?
2, 5, 617
List the prime factors of 131885.
5, 13, 2029
List the prime factors of 591.
3, 197
List the prime factors of 23361.
3, 13, 599
List the prime factors of 12139.
61, 199
List the prime factors of 50359.
50359
List the prime factors of 107038.
2, 109, 491
What are the prime factors of 965?
5, 193
List the prime factors of 22724.
2, 13, 19, 23
What are the prime factors of 259?
7, 37
List the prime factors of 1382.
2, 691
List the prime factors of 21809.
113, 193
What are the prime factors of 3009?
3, 17, 59
What are the prime factors of 820?
2, 5, 41
What are the prime factors of 76136?
2, 31, 307
List the prime factors of 12.
2, 3
List the prime factors of 3417.
3, 17, 67
What are the prime factors of 7798?
2, 7, 557
List the prime factors of 100537.
100537
List the prime factors of 832.
2, 13
List the prime factors of 130887.
3, 14543
List the prime factors of 96265.
5, 13, 1481
What are the prime 